at are the prime factors of v?
2, 3
Let w be (2/(-7))/(17/(-238)). Suppose -w = 5*x - 19. What are the prime factors of x?
3
Let t(r) = r**2 + 18*r + 36. Let m be t(-16). Suppose -2*i = -m*f - 102, i - 5*f - 6 - 42 = 0. What are the prime factors of i?
53
Suppose 289*h - 288*h + 1 = 0. Let w be 5/(50/12)*5. List the prime factors of w - (2 + h) - 2.
3
Suppose -4 = 4*b + 4. List the prime factors of (-24)/9*(127/b - 1).
2, 43
Suppose -2*z = -4*z - 18. Let w = -7 - z. Suppose 46 = 4*h - w*h. List the prime factors of h.
23
Let h = -399 - -1094. List the prime factors of h.
5, 139
Let u be 1/(-4) + 102/24. Let n = u + 2. What are the prime factors of n?
2, 3
Let q(w) = -w**3 - 13*w**2 + 16*w + 30. Let y be q(-14). Let h = -69 - -131. Suppose o - y*a - h = -o, 5*o = -3*a + 115. List the prime factors of o.
2, 13
Suppose -2*k = -14*j + 13*j - 859, -2*j - 858 = -2*k. What are the prime factors of k?
2, 5, 43
Suppose -16*t + 33699 = 4931. List the prime factors of t.
2, 29, 31
Suppose -7*g + 2833 = -2844. What are the prime factors of g?
811
Let a be 2*1/(-9) + (-38)/(-171). Let y(c) = c**3 + c**2 - 2*c + 141. What are the prime factors of y(a)?
3, 47
What are the prime factors of 3358 - -4 - (-2 + -3 - -2)?
5, 673
Let x(w) = 5*w**2 + 2*w + 1. Let u be x(-1). Suppose 2*t + 196 = u*t. What are the prime factors of t?
2, 7
Let r be (-162)/(-4) - 1/2. Suppose 0 = -a + 2*d + 11 + r, 3*d = 0. What are the prime factors of a?
3, 17
Suppose -8*t = -3*t - 6855. List the prime factors of t.
3, 457
Let t = 161 - -64. Let z = t + -346. Let h = -63 - z. What are the prime factors of h?
2, 29
Let x be ((-16)/(-20))/((-1)/5). Suppose -3*y + 33 = -5*z, 5*y - 3 = 2*z + 14. List the prime factors of (-23)/2*(z - x).
23
Let d = -38 - -329. Suppose -4*r + d + 485 = 0. List the prime factors of r.
2, 97
Let k be 12/42 - 94/(-14). Let l(m) = 7*m + 7. Let w be l(k). Suppose 3*f = -4*n + w, n = -3*f + 2*n + 76. List the prime factors of f.
2, 3
Let s(l) = -l**3 + 24*l**2 - 9*l - 8. List the prime factors of s(23).
2, 157
Let w = 1 + 1. Let k(h) = 9*h**2 - 15 - 3*h + 0*h**2 + 18. List the prime factors of k(w).
3, 11
Let j(u) = u + 22. Let n be j(-24). What are the prime factors of n/(1/(4 + -123))?
2, 7, 17
Let n(b) = -b + 2. Suppose 2*h - 2*s - 2*s + 20 = 0, 0 = -h - 3*s + 5. Let t be n(h). Let w = -4 + t. What are the prime factors of w?
2
Let p(s) = 52*s**2 - s. Suppose 2*g + 2*g + 56 = 0. Let i = g + 15. What are the prime factors of p(i)?
3, 17
Let z(o) = -o**3 - 47*o**2 - 43*o + 139. Let b be z(-46). Suppose -2*t + 89 = 4*f - 121, -3*f - 5*t = -161. What are the prime factors of (b/(-2))/((-2)/f)?
13
Let f(p) = 11*p**2 - 4*p. Let j be f(4). What are the prime factors of ((-28)/(-20) + -1)*j?
2
List the prime factors of 2946/(-24)*-4*3.
3, 491
Suppose -r + 2*r - 2*v + 11 = 0, 0 = 3*r - 4*v + 23. What are the prime factors of 3 + 1 + r + 78?
3
Let c(b) = -b**2 - 4*b + 4. Suppose 5*f + 0*y + 2*y = -23, f = 4*y + 13. Let v be -4 - (0 - 0/f). What are the prime factors of c(v)?
2
Let n = -10 + 10. Suppose 0*c - c + 55 = n. List the prime factors of c.
5, 11
Let f be 1/(0 + 3/3). Let l be (-2 + 2)*(f - 0). Suppose l*h - h + 36 = 0. What are the prime factors of h?
2, 3
Let n = 46 - 25. Let w = n - -120. What are the prime factors of w?
3, 47
Let p(y) = -y**2 + 0*y - 1 + 5*y - 23*y. What are the prime factors of p(-8)?
79
Let v(n) = 4*n**3 - 2*n**2 + n + 14. List the prime factors of v(6).
2, 7, 29
Let u = -25 - -27. Suppose -102 - 298 = -5*i + 2*p, -390 = -5*i + 4*p. Suppose 0 = -u*f + i - 22. What are the prime factors of f?
2, 3, 5
Let v = 1 - 1. Suppose 0 = 36*m - 8*m + 448. Let y = v - m. What are the prime factors of y?
2
Let j(n) = -n**2 + 16*n - 9. Let g be j(16). Let y = g + 12. Suppose -2*a - y*a + 265 = 0. What are the prime factors of a?
53
Suppose -u + 9*p = 4*p + 27, 0 = 3*u + 5*p - 19. What are the prime factors of 6/(-4) + (-23)/u?
2, 5
Let z = 4 + 2. Suppose 52 = -8*c + z*c. Let a = c + 62. What are the prime factors of a?
2, 3
Suppose v + 4*w = 3*w + 6, 4*v - 22 = -3*w. Suppose 4*h + s = 220, -4*s + 212 = v*h - s. List the prime factors of h.
2, 7
Suppose -6*y = -2301 - 255. What are the prime factors of y?
2, 3, 71
Let w = -148 - -70. Let p be 1/(2/w*1). List the prime factors of p/26 + (-14)/(-4).
2
Suppose 5195 = 48*a - 43*a. What are the prime factors of a?
1039
Let f(a) = -12*a - 4. Let w be f(2). Let u = -20 - w. What are the prime factors of u?
2
Suppose -391*r + 408*r = 99824. What are the prime factors of r?
2, 367
Let s(h) = 52*h + 1. List the prime factors of s(10).
521
Let n = 12 + -103. Let d = n + 179. List the prime factors of d.
2, 11
Suppose 23*a - 15 = 20*a. Suppose -2*y - 5 = 3*y, -y = a*g - 464. List the prime factors of g.
3, 31
Let j = 27 - 24. Suppose n - 71 = -4*p, 5*p - 301 = -5*n + j*p. What are the prime factors of n?
59
Suppose -5*k - 500*g = -503*g - 6384, 2*k = -2*g + 2560. List the prime factors of k.
2, 3, 71
List the prime factors of ((-2)/5)/(12/(-44280) - 0).
2, 3, 41
Let a(t) = -t**3 - 27*t**2 + 7*t - 50. List the prime factors of a(-28).
2, 269
Suppose -4*l + 25 = l. Suppose 2*h - 3*h = w - 1, 0 = -l*w + 2*h + 19. Suppose -2*d = i - 25, -3*d - w*i = 2*d - 65. List the prime factors of d.
2, 5
Let i(s) = 11*s**2 + 29*s - 221. List the prime factors of i(-19).
7, 457
Let a(j) = -13*j - 24 + 9*j - 7*j. What are the prime factors of a(-8)?
2
List the prime factors of (6/(-2))/6*-1896.
2, 3, 79
Let p = 1960 + -1192. What are the prime factors of p?
2, 3
List the prime factors of 4/66 - 5454403/(-2211).
2467
Let z = 8 + -4. Suppose -5*h = -q + 6*q, z*h + 16 = 0. Let l(j) = -j**2 + 3*j + 8. List the prime factors of l(q).
2
Suppose 14*o - 11*o - 252 = 0. Let x be o/35*3*5. Let t = -21 + x. List the prime factors of t.
3, 5
Let q be (-1)/(-4) - (-19)/4. What are the prime factors of -7 + q - 2 - (2 - 311)?
5, 61
List the prime factors of 2/(-4)*2396/(-2).
599
Let v(b) = 3*b + 26. Let c(x) = -2*x - 26. Let s(p) = -6*c(p) - 5*v(p). Let q be s(-9). Let n = -19 + q. What are the prime factors of n?
2, 17
Suppose -4*j = -j + 6. Let h(f) = -3*f + 14. Let o be h(4). What are the prime factors of o/j + (3 - -78)?
2, 5
List the prime factors of 35*((-116)/(-20) + -3) - 3.
5, 19
Suppose 3 = 3*g, 4*x - g - 177 = 602. List the prime factors of x.
3, 5, 13
Let l = 20 - 16. Let r be (75 - 3)/(6/l). Suppose -r = -2*y - 0*y. What are the prime factors of y?
2, 3
Let b(o) = 28*o**2 - 7*o + 9. Let t be b(-7). Suppose 0 = 18*c - 8*c - t. What are the prime factors of c?
11, 13
Let y(c) = -2*c**2 + 4*c**2 + 3 - 3. Let b be y(-1). List the prime factors of (-1 - b)/((-9)/30).
2, 5
Suppose 0 = 2*o - 4*r - 6458, -5*o + 17*r + 16180 = 14*r. What are the prime factors of o?
41, 79
What are the prime factors of 0 - (0 + 3521/(-7))?
503
Suppose -3*t + 41 = -13. Let p = t - 38. What are the prime factors of p/6*210/(-25)?
2, 7
What are the prime factors of (736 + 33)*12/3?
2, 769
Let i(y) = 2*y**2 + 3*y + 3. Let b be (3 - 1) + -13 + -1. Let a(c) = c + 15. Let x be a(b). List the prime factors of i(x).
2, 3, 5
Let u(w) = -12*w - 35. Let z be u(-5). Suppose 4*a + 4*h = h + 789, z = -5*h. What are the prime factors of a?
3, 67
Let o be 3 + 2*(-1 - -13). What are the prime factors of 634/18 - 6/o?
5, 7
Let n(i) = -2*i + 116. Let f be n(0). Let w = f + -65. List the prime factors of w.
3, 17
Let k = -303 + 984. What are the prime factors of k?
3, 227
Suppose -10*s - 223 = -2643. List the prime factors of s.
2, 11
Let g = 6425 - 3277. What are the prime factors of g?
2, 787
Suppose -2*b + 56 - 14 = 0. Suppose -23*z + 58 = -b*z. What are the prime factors of z?
29
Let l(d) = d**2 + 4*d - 8. Suppose -49 = -2*t + 41. Let s be 9/t + (-46)/5. List the prime factors of l(s).
37
Suppose v = 2*g - 900, -g + 173 = v - 277. What are the prime factors of g?
2, 3, 5
Let d = -848 - -833. Let z(j) be the third derivative of j**6/120 + 7*j**5/30 - 3*j**4/4 + 2*j**3 + j**2. What are the prime factors of z(d)?
3, 19
Suppose 12*s - 10600 = -13*s. List the prime factors of s.
2, 53
Suppose x = 5*y - 806, 3*y - 4*x = -2*x + 478. What are the prime factors of y?
2, 3
Suppose -4*h = -168 - 2716. List the prime factors of h.
7, 103
Let l(m) = -63*m + 13. Let q be l(-5). Suppose 